(v). Suppose 3*z - 39 = -4*c, 0*c + z + m = c. What are the prime factors of c?
2, 3
Suppose 119 = 4*b - 45. Suppose -b = -4*t + 7. What are the prime factors of t?
2, 3
Suppose 2*p - 22 = 106. List the prime factors of p.
2
Let l be 7/1 - (-2)/(-1). Suppose -l*z - s - 5 = 11, 4*s + 4 = 0. What are the prime factors of 16 + -3 + (-1 - z)?
3, 5
Let h(d) be the first derivative of 2*d - 1 + 1/4*d**4 + 5/3*d**3 - 3*d**2. List the prime factors of h(-6).
2
List the prime factors of 2*(-2)/8 + 633/6.
3, 5, 7
Suppose -4*q = -f - 204, 2*q + 4*f = -3*q + 255. Suppose q = -3*b + 135. What are the prime factors of b?
2, 7
Suppose 120 = 3*n + n. List the prime factors of n.
2, 3, 5
Let c be (0/2)/(-4 - -2). Suppose -z = 5*i - 112, i - z - 4 - 16 = c. What are the prime factors of i?
2, 11
Let j = -19 - -38. Suppose -5*p + 81 = -j. List the prime factors of p.
2, 5
Suppose 0 = -5*j + 7*j - 276. What are the prime factors of j?
2, 3, 23
Let h(d) be the second derivative of -d**3/6 - 2*d**2 + 2*d. Let n be h(-4). Suppose 20 = 3*f + i + 6, n = 5*f + 5*i - 40. What are the prime factors of f?
3
Let g(c) = 2*c - 7. Let y(o) = o + 5. Let j be y(0). Let i be g(j). Suppose 14 = -r + i*r. List the prime factors of r.
7
Suppose 2*m - 16 = 4*h, -5*h + 6*m - m - 25 = 0. Let o be (h/6)/(2/24). List the prime factors of (-8)/o*3/2.
2
Let u(x) = 12*x**2. Let p be u(1). Let i = 17 - p. Suppose -w = -i*o + 12, 6*o - 2*o = 4*w - 16. List the prime factors of w.
2
Let c(v) = -9*v - 17. List the prime factors of c(-12).
7, 13
Let h = 3 + 37. List the prime factors of h.
2, 5
Let l = 6 + -4. Let w(g) = -g**2 + 15. Let i be w(0). Suppose k = -l*r + i, k - 2*r - 1 = 3*r. What are the prime factors of k?
11
Suppose 2 = 6*l - 4*l. Suppose 4*q - 11 - l = 0. What are the prime factors of q?
3
What are the prime factors of (15 - -16) + 0 + 0?
31
What are the prime factors of 0 - ((-1)/((-2)/(-130)) + 1)?
2
Let o = -8 + 14. Let y(n) = n**2 - 9*n + 9. Let b be y(o). List the prime factors of (b + -1)*9/(-15).
2, 3
Let l(x) = -x**2 + 3*x + 4. What are the prime factors of l(3)?
2
Let d be (1 + -1)*(-4)/8. Suppose t - 51 = -2*c + 2*t, 2*t + 2 = d. List the prime factors of c.
5
Let a = 174 + -153. List the prime factors of a.
3, 7
Let u(h) = -10*h**2 - 5*h. Let a(x) = 21*x**2 + 11*x + 1. Let y(b) = -4*a(b) - 9*u(b). What are the prime factors of y(-2)?
2, 3
Let b = -12 - -18. Suppose -2*u - 4 = -3*u - t, -2*u - b = -5*t. Suppose -u*w + 22 + 2 = 0. What are the prime factors of w?
2, 3
Let f = 9 + 10. Let o(z) = z**3 - 7*z**2 - 3*z + 10. Let h be o(7). Let d = f + h. What are the prime factors of d?
2
Suppose w + 2*t - 76 = -3*w, -w + 3*t + 12 = 0. What are the prime factors of w?
2, 3
Let w = 97 - 58. List the prime factors of w.
3, 13
Suppose 3*b - 3 - 3 = 0. Suppose -26 = r - b*r + 5*d, -16 = 4*d. What are the prime factors of r?
2, 3
Let f(v) = 3*v**3 - 1. Let j be f(-1). Let o be (j/(-8))/((-2)/(-4)). Suppose i + o - 4 = 0. What are the prime factors of i?
3
Let d(x) = x**2 + 6*x. Let m(k) be the second derivative of k**5/20 - k**4/3 - k**3/3 + k**2/2 + 2*k. Let c be m(4). List the prime factors of d(c).
7
Let y(q) = q**2 + 6*q + 6. Suppose -35 = 5*b + m, -4*m = -4*b - 2 - 2. Let j be y(b). Let z = 8 - j. List the prime factors of z.
2
Let u = 128 - 84. Suppose 0 = 2*v - 2*z - u, -2*v + 3*z + 40 = -1. What are the prime factors of v?
5
Suppose 6*j + 4 = 3*n + 2*j, -2*n + 16 = 4*j. Suppose -4 = -4*d + n. Suppose -d = -c, -2 = -t - 5*c + 12. What are the prime factors of t?
2
Let c = 17 - -118. Let a = c - 94. List the prime factors of a.
41
Suppose 3*c - 2*j - 10 = 0, 2*c = -2*c + 2*j + 12. Let q(z) = c*z + z**3 - z + 5 - 4*z**2 - 3. What are the prime factors of q(4)?
2, 3
Let a = 26 - 38. Let v = -8 - a. What are the prime factors of v?
2
Let n(w) = -w**3 - 4*w**2 + 2*w + 3. Let i(j) = -j**3 - 4*j**2 + 2*j + 3. Let d(g) = 3*i(g) - 4*n(g). List the prime factors of d(-3).
2, 3
Let n = -11 + 47. What are the prime factors of n?
2, 3
Suppose 2*m - 3 = 1. Suppose 0 = -2*q + m*n - n + 15, 4*q - 4*n = 36. Suppose 2*p = 14 - q. What are the prime factors of p?
2
Suppose -135 = -5*m + j - 2, -3*m - 4*j + 66 = 0. List the prime factors of m.
2, 13
Suppose -2*q - 3*y + 117 = 0, -2*y + 4*y - 56 = -q. Suppose -s = 2*s - q. List the prime factors of s.
2, 11
Let g(q) = q**2 + 4*q + 1. Let l be g(-5). List the prime factors of 3/(-9) + 104/l.
17
Let a(f) = 5 + f**2 + f + 0*f - 4. List the prime factors of a(-4).
13
Suppose 0*u = -5*p + u + 160, -5*u = 3*p - 96. List the prime factors of p.
2
What are the prime factors of (-52)/(-13) + 19*16?
2, 7, 11
Suppose -3*j + 22 = -23. Let d = -7 + j. List the prime factors of d.
2
List the prime factors of (-16)/72 - 1624/(-18).
2, 3, 5
Let p(s) be the second derivative of -s**3/6 + 8*s**2 + 4*s. What are the prime factors of p(-11)?
3
Let t(a) = -3*a**2 + 3*a - 11. Let m(i) = -2*i**2 + 2*i - 6. Let f(j) = -7*m(j) + 4*t(j). Let r be (-28)/(-16) + (-2)/(-8). List the prime factors of f(r).
2
List the prime factors of 2 + (-6)/(-9)*54.
2, 19
Let a(u) = -u**3 + 8*u**2 + 8*u + 9. Let n be a(9). Let m be 3*((-8)/(-6) + n). List the prime factors of m/(-6) - (-16)/6.
2
Let j(a) = 9*a**2 - 5*a - 2. List the prime factors of j(-3).
2, 47
Let w be 12/(-4) - -3*1. Suppose w = f + 2*f - 51. What are the prime factors of f?
17
Let q(b) = 2*b**2 - b + 0*b + 0*b - b**2 + 2. List the prime factors of q(2).
2
Let n(r) = 4*r**2 - 7*r + 1. Let z be n(5). Suppose -2 = -m, -4*s + z = 2*m + 3*m. What are the prime factors of s?
2, 7
Let u be 15/10 - (-1)/2. Suppose 2*o = -u*o + 12. What are the prime factors of o?
3
Let v be (-2 + -3 + -6)*57. List the prime factors of 1/(-2) - v/22.
2, 7
Suppose -140 = -5*w + 140. Let o = w - 14. What are the prime factors of o?
2, 3, 7
Suppose b = -5*h - 17, 5*b - 1 = 3*b - 3*h. Let j = b + 23. What are the prime factors of j?
31
Let p = 1 - -11. What are the prime factors of p?
2, 3
Let l(y) = -y + 8. Let v = -1 - 2. Let a = v - -3. List the prime factors of l(a).
2
Let x(m) = -m**3 + 4*m**2 - 2*m - 9. List the prime factors of x(-4).
127
Let x = -76 - -86. What are the prime factors of x?
2, 5
Let m(z) = -z**2 - 12*z - 6. Let q be m(-12). Let h(x) = x**2 + 5*x - 4. What are the prime factors of h(q)?
2
Let w(h) = -3*h**3 - 2*h**2 + 1. Suppose -a - a = 18. Let p be (3/a)/(3/9). List the prime factors of w(p).
2
Suppose 4*p + 3 = 4*d - 1, 0 = 5*d + 5*p - 45. Suppose -3*u + 8*u = 55. Suppose d*q - u = 19. What are the prime factors of q?
2, 3
Suppose 490 = -23*u + 25*u. List the prime factors of u.
5, 7
Let w(p) be the first derivative of p**3/3 + 3*p**2/2 + 2*p + 1. Let r be w(-2). Suppose 3*v + 51 = 3*k, r = k + 4*v - 0*v + 3. List the prime factors of k.
13
Suppose 3*g - 5*n - 7 + 2 = 0, -3*n - 3 = -3*g. Suppose g = -k - 0 + 2. What are the prime factors of (k - (-14)/(-6))*-9?
3
Let g = -456 - -674. List the prime factors of g.
2, 109
Suppose x - 400 = -4*x. List the prime factors of x.
2, 5
Let m(h) = -42*h. Let o be m(-2). Let y = -57 + o. What are the prime factors of y?
3
Let p(k) = k + 10. Let f be p(-8). Suppose -3*b = -5*m + 139, 4*m + b + f*b - 122 = 0. List the prime factors of m.
29
Suppose 0*m + 2*m = 32. Suppose -6*r + 2*r + m = 0. List the prime factors of r.
2
Suppose 2*x + c - 3*c = 10, 0 = 3*x + 2*c - 10. Let b be (-12)/(-4) - (-4)/(-2). List the prime factors of b/2*(x + 2).
3
Let a(h) = 2*h + 9. List the prime factors of a(6).
3, 7
Let j(w) = w**3 - 4*w**2 - 4*w. Let q(l) = -l**3 - 8*l**2 - 7*l + 5. Let t be q(-7). List the prime factors of j(t).
5
Let t(m) = 4*m + 6. Suppose -3*u = -3*z + 30, -u = u + z + 17. Let q be t(u). Let o = -17 - q. List the prime factors of o.
13
Let w(d) = -7 - 2*d + 1 + 2. Let h be w(-4). Suppose -l + 11 + h = 0. What are the prime factors of l?
3, 5
List the prime factors of -4 - (91/(-1) - 4).
7, 13
Let r(k) be the third derivative of k**5/20 + k**4/3 + 7*k**3/3 - 4*k**2. What are the prime factors of r(-4)?
2, 3, 5
Let n(k) = -k**3 - 3*k**2 + 6*k + 3. Let r be n(-4). Let c(z) = 3 + 105*z - 106*z - 4. What are the prime factors of c(r)?
2
Let w(k) = k**3 - k**2 + 1. Let d(x) = x**3 + 5*x**2 - 7*x + 1. Let z(c) = -d(c) + 2*w(c). List the prime factors of z(6).
7
Let w(c) = -c**3 + 7*c*